0. Suppose 21*b - g*b + 8 = 0. Determine h(b).
5
Let a(h) be the first derivative of -h**2/2 + 26*h - 2835. Determine a(10).
16
Let v(w) be the second derivative of w**7/1260 + w**6/90 - w**5/40 - 9*w**4/4 + 2*w - 71. Let a(x) be the third derivative of v(x). What is a(-6)?
21
Let v(i) be the first derivative of i**3/6 - 9*i**2 - 50*i + 59. Let t(q) be the first derivative of v(q). What is t(15)?
-3
Let b(y) be the third derivative of -3 + 0*y**4 + 0*y + 0*y**3 + 1/120*y**6 + 12*y**2 - 1/60*y**5. Give b(-1).
-2
Let p(v) = -23*v**2 + 41*v + 232. Let q(z) = 6*z**2 - 10*z - 58. Let x(s) = -5*p(s) - 19*q(s). Calculate x(22).
96
Let s(o) = -45*o - 597. Let k be s(-13). Let q(c) = -c**3 - 13*c**2 - 14*c + 1. What is q(k)?
25
Suppose 0 = -2*m + 21*m - 190. Let l be ((-40)/12)/m*-3. Let w(x) = -10*x**2 - x. Give w(l).
-11
Let v(o) = -o**2 + 5*o + 23. Suppose 3*j + 5*f - 120 = -85, 2*f = 2. What is v(j)?
-27
Let x(o) = -4*o - 6 + 2 + 4*o + o. Suppose 0 = -19*t + 17*t - 90. Let f = t - -51. Calculate x(f).
2
Suppose -42*u + 40*u = -4*m - 34, -u = -4*m - 29. Let f(h) = h**2 + 7*h - 20. Determine f(u).
40
Let h(g) = 3 - 1080*g + 533*g + 2*g**2 + 538*g. What is h(6)?
21
Let r(y) = -2639*y + 2616*y + y**3 - 23*y**2 + 13 - 16. Determine r(24).
21
Let o(p) = -78 + 130 + 4*p - 87. Let a be o(12). Let k(f) = a + 2*f**2 - 10 - 2 - f. Calculate k(2).
7
Let d(z) be the third derivative of 0*z**3 + 0 + 66*z**2 + 1/3*z**4 + 0*z - 1/60*z**5. Give d(7).
7
Let g(q) = -2*q**2 + 13*q + 2. Let l(n) = n**2 - 47*n + 7. Let a be l(0). Give g(a).
-5
Let n = 35 - 31. Let y(k) = 1 - n - 10 + k. Suppose 3*o + 35 = 8*o. What is y(o)?
-6
Let p(o) = -11*o + 79. Let k be p(7). Let q be ((-5)/15)/((-1)/9). Let g(y) = 5*y**3 - y**3 - 1 - 14*y**q + 2*y**2 + 0*y**k. Determine g(1).
-9
Let t(l) = -l**3 + 63*l**2 - 907*l + 117. Let d be t(22). Let p(a) be the second derivative of -a**4/12 + a**3 + 7*a**2/2 + a. What is p(d)?
0
Let g(l) = 11*l + 71. Let c be ((-5)/30)/((-20)/(-840)). Calculate g(c).
-6
Let b(q) = 3*q**2 + 33*q + 90. Let m be b(-5). Let n(v) = 3*v**2 - 2*v + 70. Determine n(m).
70
Let h be 9*6/(-36) + 7/(-2). Let y(w) = -9*w**2 - 17*w - 7. Let c = -4 + -3. Let u(f) = 4*f**2 + 8*f + 4. Let n(q) = c*u(q) - 3*y(q). What is n(h)?
-7
Let i(s) = -5*s + 234. Let n = 1071 - 1024. Determine i(n).
-1
Let m(v) = -2106*v**3 + 2107*v**3 - 7*v - 5*v**2 - 7 + 3. Suppose 0 = -4*g - 4, -a + 29 = 3*a - 5*g. Determine m(a).
-10
Let z(t) be the second derivative of t**3/6 + 17*t**2/2 + 2*t. Suppose -493 = -3*n + 260. Let s = 251 - n. Give z(s).
17
Let f(b) be the first derivative of -b**4/4 - 5*b**3/3 + 7*b**2/2 + 3*b + 796. Suppose -2*z + x = -0*x + 12, -5*z - 30 = -3*x. Calculate f(z).
-3
Let l be 31/(-4)*16/(-4). Let n = -29 + l. Suppose -27 = -3*h - n*f + 5*f, -4*f = 2*h. Let a(q) = q**3 - 7*q**2 + 5*q - 3. Determine a(h).
-9
Let i(p) be the third derivative of -p**9/6720 + p**8/20160 - p**7/5040 - 67*p**5/60 - 80*p**2. Let n(o) be the third derivative of i(o). Calculate n(1).
-9
Let v(b) = 7*b - 4. Let z be v(1). Let a(o) = -2*o**3 + 3 + 5*o**z - 5*o - 293*o**2 - 2*o**3 + 288*o**2. Determine a(5).
-22
Let k(r) = 36*r**2 - 8. Let s(c) = 81*c**2 + 6. Let g(x) = x**2 - 4 + 3 - 17*x**2. Let d(v) = -21*g(v) - 4*s(v). Let h(a) = 11*d(a) - 4*k(a). Give h(-1).
-13
Let h(j) = -3*j + 1. Let b(k) = -12*k + 22. Let i(x) = -b(x) + 2*h(x). What is i(10)?
40
Let s(k) = 2*k - 2. Let p = 126 - 124. Suppose -4*w + o - 3*o + p = 0, -4 = -3*w - o. Determine s(w).
4
Suppose 4*d - 118 = -18. Suppose 5 = -4*t + d. Suppose 2*f = -3*z - 19, 10*f = t*f - 5*z - 40. Let i(p) = -p**2 - 4*p - 1. Give i(f).
-6
Suppose 6289*h = 6309*h + 380. Let w(v) = v**2 + 21*v - 8. Calculate w(h).
-46
Suppose 0 = 27*m - 69*m + 168. Let i be (-1 - (-2)/m)*-2. Let o(f) = -4*f**2 + 2*f. Give o(i).
-2
Let v(w) = w**3 - 8*w**2 + 8*w - 8. Let h be (1 - -2)/((-2)/(-6)). Suppose -15*o + 26 + 4 = 0. Let g = h - o. Give v(g).
-1
Let x(v) = -8*v**2 + 6*v - 2. Let z = 122 - 121. Determine x(z).
-4
Suppose -300 = -4*u + 20. Let t = -54 + u. Suppose 2*n = -3*l, 0 = 4*n - l - 2 - t. Let z(d) = -d**2 + 5*d - 4. What is z(n)?
-10
Let g(a) = -7*a**2 - 62. Let j(b) = b**2 - 2*b + 10. Let n(w) = -g(w) - 6*j(w). What is n(-12)?
2
Suppose 5*n = -f + 22, 24 = 7*n - 3*n + 4*f. Let a(h) = -2*h**3 + 8*h**2 + 5*h. What is a(n)?
20
Let w(o) = o - 9. Suppose 4*b = 6*b - 56. Let c(l) = 1 + 6 + 54*l + l + 29 + 4 - 2*l**2. Let q be c(b). Determine w(q).
3
Suppose -10*j = -5*j + 35. Let r be (-3)/9 - 55/15 - j. Let t(f) = -5*f - 79*f**r + 4*f + 64*f**3. What is t(-1)?
16
Let b = 289 - 285. Let c(h) be the first derivative of -h**6/360 + h**5/40 + 5*h**4/24 + h**3 - 2. Let r(v) be the third derivative of c(v). Calculate r(b).
1
Let g be (4/(-2) - 0)*2. Let t(i) = 5*i**2 + 4*i + 26. Let k(o) = -4*o**2 - 4*o - 21. Let q(a) = 4*k(a) + 3*t(a). Give q(g).
-6
Let d be (-2)/(-4) + 21/(-6). Let h(l) = -1346008 + 672999 + 673019 + l. Give h(d).
7
Let s(o) = 2*o**3 + 7*o**2 + 5*o + 21. Let n(k) = -4*k**3 - 14*k**2 - 11*k - 36. Let q(y) = -4*n(y) - 7*s(y). Determine q(-4).
-55
Let m(y) be the first derivative of -3*y**2 + 133*y + 126. Let u be m(21). Let c(v) = -v. Determine c(u).
-7
Let x = -8 - -3. Let j(k) = 11*k**2 - 21*k - 6. Let t(f) = -5*f**2 + 10*f + 3. Let m(v) = -6*j(v) - 13*t(v). Give m(x).
-8
Let p(k) = -4*k**2 + 4*k - 3. Suppose 3*g + 411 = 3*r, 0 = -2*g + 5*g + 5*r + 387. Let s = -132 - g. Calculate p(s).
-11
Let p(q) be the third derivative of q**6/120 + q**5/15 - q**4/12 - q**3/6 + 1500*q**2. Determine p(-5).
-16
Let x(m) = 3*m - 11. Let r(w) = -w + 4. Let b(u) = -17*r(u) - 6*x(u). Suppose 85 = -43*n + 26*n. Calculate b(n).
3
Suppose 0 = 5*c + 35, -170*c - 59 = 4*y - 165*c. Let a(n) = n**3 + 7*n**2 + 8*n + 12. Calculate a(y).
0
Let q(x) = 2261*x**3 - 1177*x**3 + 2*x**2 - 1093*x**3 - x. Give q(1).
-8
Let o = -59 - -60. Let y(a) = o - 2*a + 3*a + 11. Determine y(0).
12
Let a(q) = 4*q**2 - 2*q - 1. Let u = -49 - -134. Let o = 92 - u. Suppose o*m + 3 = -4. Give a(m).
5
Let g(m) = -m**3 + 53*m**2 - 59*m + 372. Let w be g(52). Let d(y) = w - 715*y + 713*y - 5. Let l be (0 - 0 - -1)*4. What is d(l)?
-5
Suppose -f = 2*f. Suppose f = 5*y + 2*p - 9 - 10, 12 = -4*p. Let z(x) = 31*x**3 - 149*x**3 + 39*x**3 - 4*x**2 + 40*x**3 + 3 + 40*x**3 - 5*x. Give z(y).
3
Let p(h) = h**3 + 2*h**2 - 6*h - 6. Let t(z) = z**3 - 3*z + z**3 + 2*z**2 + z. Let d(b) = -75*b - 377. Let r be d(-5). Let f be t(r). Calculate p(f).
-14
Let r(q) = -10*q**2 + 6*q. Let p(u) = 10*u**2 - 7*u + 1. Let t(a) = 2*p(a) + 3*r(a). Let s be t(1). Let z(n) = 7*n + 21. Calculate z(s).
-7
Let g(z) = -z**2 + 7*z + 5265 + 5262 - 10516. Calculate g(8).
3
Let g = -984 + 982. Let o(r) be the third derivative of r**6/720 + r**4/6 + r**2. Let k(p) be the second derivative of o(p). Calculate k(g).
-2
Suppose -2*j = -7*q + 4*q + 3, 0 = 5*q - 3*j - 6. Let l(b) = -7*b**2 + 109*b - 2*b**2 - 109*b + 5 - b**q. Give l(-9).
5
Suppose -s = -l - 1, -2*l + s - 3*s = -2. Suppose 4*b = -l*b + 4*j + 4, 0 = 5*b + 3*j - 13. Let c(g) = 2 + 6*g - 3*g**2 + 10*g**b - 6*g**2. Determine c(-6).
2
Let z(h) be the first derivative of -h**3/3 - 16*h**2 + 71*h + 1404. Give z(-34).
3
Let h(u) = -7401 + u**2 + 14872 - 7420 + 3*u - 19*u. What is h(11)?
-4
Let q(c) be the third derivative of c**5/5 + c**4/12 + c**3/6 - 4*c**2. Let j be -4 + 52/14 - (-142)/7. Let h = -21 + j. What is q(h)?
11
Let h(i) = 2*i + 33. Let n(j) = 15*j + 216. Let o(f) = 7*h(f) - n(f). What is o(6)?
9
Let k be 3/(-2*(-3)/48*6). Suppose k*t + 60 - 40 = 0. Let w(s) = s + 2. Calculate w(t).
-3
Let y(a) = 593*a**2 - 1187*a**2 + 598*a**2 + 1. Let j(k) = k**2 - 3*k - 1. Let h be j(3). Determine y(h).
5
Let n(u) = -45 - 6*u - 2*u - 41 + 89. Let t = -587 + 592. What is n(t)?
-37
Let i(n) = -n**2 - 4*n + 20. Let u = 762 + -1576. Let q = 807 + u. Calculate i(q).
-1
Let g(b) = 40*b. Let k(c) = 28*c - 1. Let z(n) = -3*g(n) + 4*k(n). Give z(1).
-12
Let n be (-126)/30 + (-2)/(-10). Let h(v) = v**2 + 6*v + 8. Let j be h(n). Let i(d) = 2*d + 0*d + d + d**2 - 4*d + 7. Calculate i(j).
7
Let k(b) = b**2 + 0*b + 5813 - 5812 + 0*b. Suppose -2*g = -5*l - 31, -2*g - 5*l = -5*g + 39. Suppose -4*y + 0 - g = 0. Give k(y).
5
Let v(b) = -b**2 + 3*b + 2. Let f be v(3). Let l(d) = -3 + 1 + 5 - 3*d - 4*d